 13.
-4339
What is 1256 (base 15) in base 2?
111101000010
-b6a6 (base 16) to base 15
-dcc3
-1741 (base 8) to base 15
-463
13330 (base 4) to base 15
23d
What is 222552 (base 6) in base 2?
100100101100100
Convert 16601 (base 9) to base 2.
10110010011110
-214002 (base 5) to base 9
-11106
What is -150332 (base 6) in base 8?
-34060
-101101101 (base 2) to base 6
-1405
What is -111001010100110 (base 2) in base 8?
-71246
Convert -411 (base 13) to base 6.
-3110
-120112100 (base 3) to base 10
-11322
1534 (base 9) to base 12
811
Convert 100302 (base 4) to base 15.
4b9
What is 369 (base 12) in base 16?
201
-169 (base 15) to base 9
-400
Convert 787 (base 16) to base 8.
3607
11202021 (base 3) to base 15
105d
What is -3b9 (base 12) in base 7?
-1446
-1001100011 (base 2) to base 16
-263
What is -4320 (base 5) in base 15?
-290
-1420 (base 6) to base 5
-2442
Convert 238 (base 13) to base 8.
601
What is -12c5 (base 13) in base 12?
-1688
Convert -806 (base 10) to base 4.
-30212
Convert -3543 (base 6) to base 5.
-11410
ee0 (base 16) to base 10
3808
Convert -111b (base 13) to base 15.
-a95
Convert 14434 (base 8) to base 14.
24b2
What is 23102 (base 4) in base 8?
1322
What is -a8 (base 16) in base 15?
-b3
-111011102 (base 3) to base 8
-22574
Convert 317 (base 13) to base 2.
1000001111
What is a12 (base 13) in base 15?
78a
What is -1002001 (base 3) in base 14?
-400
What is 13349 (base 11) in base 15?
59a0
Convert -12002 (base 11) to base 9.
-25657
What is -92 (base 12) in base 7?
-215
-100212012 (base 3) to base 9
-10765
Convert 21212 (base 5) to base 2.
10110011000
-3740 (base 8) to base 5
-31031
What is 577 (base 10) in base 4?
21001
What is 157 (base 10) in base 15?
a7
Convert 2250 (base 11) to base 5.
43314
3305 (base 8) to base 15
7a8
-32102 (base 4) to base 7
-2444
What is -59d9 (base 15) in base 14?
-6d68
-1d0 (base 16) to base 15
-20e
What is 5556 (base 7) in base 14?
a2d
-4d8 (base 16) to base 6
-5424
-1c17 (base 14) to base 12
-2b65
aa4 (base 11) to base 4
110230
What is 1295 (base 13) in base 8?
5141
-26448 (base 12) to base 13
-1ab64
-1228 (base 15) to base 12
-229b
What is -2020200 (base 3) in base 12?
-b46
What is 2320 (base 8) in base 16?
4d0
11260 (base 10) to base 3
120110001
Convert 35 (base 10) to base 13.
29
1100201 (base 4) to base 14
1c41
Convert 288c (base 14) to base 15.
21da
What is 1b6 (base 15) in base 9?
480
What is -12124 (base 5) in base 9?
-1225
1200301 (base 4) to base 3
22111101
What is -56 (base 8) in base 10?
-46
-77d (base 14) to base 5
-21413
Convert 1001101100 (base 2) to base 10.
620
Convert 12797 (base 10) to base 9.
18488
311020 (base 5) to base 13
47c8
Convert -4ccc (base 14) to base 10.
-13508
Convert -30120 (base 4) to base 14.
-408
1130130 (base 4) to base 12
3510
-3 (base 9) to base 8
-3
-10123 (base 7) to base 15
-ae7
What is 33947 (base 11) in base 5?
3032211
6855 (base 15) to base 11
15699
-382 (base 12) to base 5
-4110
What is -9852 (base 14) in base 8?
-63340
1001100101100110 (base 2) to base 14
10450
Convert 3b64 (base 12) to base 2.
1101010111100
Convert 3a0 (base 12) to base 14.
2b6
1112244 (base 6) to base 12
28684
What is 1011111 (base 3) in base 6?
3534
What is -61433 (base 7) in base 15?
-467e
Convert -1531 (base 6) to base 2.
-110011111
-21110111 (base 3) to base 4
-1111000
What is 504401 (base 6) in base 10?
39889
What is 46a3 (base 15) in base 16?
3a9b
552 (base 12) to base 13
482
Convert 5550 (base 8) to base 4.
231220
2121 (base 4) to base 7
306
Convert 149 (base 11) to base 2.
10101110
What is 3021311 (base 4) in base 16?
3275
Convert 10037 (base 8) to base 15.
1352
-3421 (base 12) to base 13
-2830
Convert -342 (base 7) to base 8.
-261
-9a5 (base 15) to base 9
-2882
What is 5675 (base 8) in base 16?
bbd
-40 (base 9) to base 2
-100100
-1012011120 (base 3) to base 2
-101101110011011
What is a9 (base 11) in base 9?
142
What is 47a (base 13) in base 8?
1411
What is -221011010 (base 3) in base 8?
-43640
What is 1920 (base 15) in base 2?
1010100110110
Convert 7252 (base 9) to base 5.
132222
-50a3 (base 12) to base 4
-2020323
-20883 (base 10) to base 6
-240403
20112 (base 3) to base 15
bb
What is 740 (base 11) in base 10?
891
Convert -28467 (base 9) to base 12.
-b237
What is -7013 (base 12) in base 14?
-45b1
Convert -15551 (base 6) to base 7.
-10354
Convert 21440 (base 8) to base 16.
2320
What is 13012 (base 4) in base 5?
3304
What is 1010110100 (base 2) in base 11?
57a
-23102 (base 6) to base 13
-1652
Convert 1307 (base 9) to base 8.
1723
Convert -3331 (base 9) to base 5.
-34313
What is 23113 (base 8) in base 4?
2121023
What is -11011000101 (base 2) in base 8?
-3305
What is 64003 (base 7) in base 6?
201021
What is 30797 (base 10) in base 8?
74115
What is -102120 (base 3) in base 5?
-2222
917 (base 10) to base 14
497
1224 (base 8) to base 2
1010010100
-1252 (base 15) to base 12
-2312
What is 14ee (base 15) in base 11?
3420
-12200 (base 4) to base 6
-1532
12000022 (base 3) to base 9
5008
Convert -20988 (base 10) to base 11.
-14850
What is 110000011 (base 2) in base 8?
603
496 (base 13) to base 16
31f
2201211 (base 3) to base 14
a25
What is -3123330 (base 4) in base 12?
-8190
-114320 (base 5) to base 15
-1440
1320 (base 7) to base 15
239
1638 (base 10) to base 8
3146
311 (base 10) to base 11
263
Convert -224333 (base 5) to base 14.
-2d41
460 (base 16) to base 3
1112111
Convert -4015 (base 7) to base 2.
-10101101000
Convert 3e9 (base 15) to base 12.
626
46 (base 13) to base 3
2011
Convert 194 (base 13) to base 7.
563
What is -531b (base 13) in base 6?
-125152
What is 1010001111001011 (base 2) in base 6?
522043
What is 121233 (base 4) in base 13?
999
157b (base 15) to base 5
121431
What is -2110232 (base 4) in base 14?
-367c
Convert -16230 (base 11) to base 10.
-22902
-224141 (base 5) to base 16
-1f6e
What is 6676 (base 12) in base 3?
120112100
-130a0 (base 11) to base 9
-27636
Convert 3224 (base 10) to base 3.
11102102
What is 154 (base 16) in base 14?
1a4
What is 210022 (base 3) in base 15?
285
Convert -236 (base 7) to base 13.
-98
-1122001212 (base 3) to base 10
-32126
What is 201 (base 10) in base 12?
149
Convert 5521 (base 9) to base 16.
fe5
-a0 (base 14) to base 7
-260
-203c (base 13) to base 14
-1897
Convert 244134 (base 5) to base 7.
36045
Convert 967 (base 16) to base 10.
2407
What is -244420 (base 5) in base 2?
-10010010010000
5de7 (base 16) to base 9
35870
-2b13a (base 13) to base 9
-133723
What is -1334 (base 5) in base 15?
-e9
What is -10010001111010 (base 2) in base 7?
-36140
Convert -746 (base 8) to base 3.
-200000
68c1 (base 14) to base 3
220222010
Convert 8566 (base 9) to base 4.
1202121
What is -10010011 (base 2) in base 6?
-403
What is -1277 (base 10) in base 8?
-2375
What is -96 (base 10) in base 3?
-10120
Convert -5950 (base 10) to base 7.
-23230
What is 33033 (base 4) in base 11?
807
Convert 1408 (base 9) to base 8.
2045
What is -1102222 (base 5) in base 3?
-222011000
What is -b75 (base 14) in base 2?
-100011010011
Convert -6b40 (base 12) to base 14.
-4532
What is 5044 (base 6) in base 10?
1108
What is 56 (base 13) in base 14?
51
What is -11220 (base 4) in base 16?
-168
Convert 999 (base 13) to base 11.
1268
What is -1074 (base 13) in base 14?
-b9a
What is -761 (base 12) in base 4?
-100321
-1432024 (base 5) to base 7
-154143
What is -33b9 (base 12) in base 5?
-141012
What is 389 (base 10) in base 7?
1064
129 (base 13) to base 16
cc
Convert -8230 (base 15) to base 7.
-143106
121010 (base 3) to base 15
1e0
Convert -215 (base 12) to base 14.
-17b
What is -539 (base 11) in base 4?
-22013
-10596 (base 10) to base 11
-7a63
-e49b (base 16) to base 9
-88245
What is 4010 (base 5) in base 15?
23a
202202 (base 3) to base 14
2c0
15ba (base 13) to base 4
301323
Convert -2500 (base 14) to base 2.
-1100101000100
What is 7b4 (base 15) in base 5?
23434
What is a98 (base 12) in base 4?
120110
Convert -211010 (base 5) to base 4.
-1231131
669 (base 11) to base 5
11201
What is 378 (base 10) in base 4?
11322
What is 3310 (base 8) in base 10?
1736
Convert -19c4 (base 14) to base 2.
-1001001001000
-1b6 (base 14) to base 4
-11210
1737 (base 8) to base 6
4331
Convert -11110101100 (base 2) to base 13.
-b81
290 (base 12) to base 13
246
-8a78 (base 12) to base 7
-62525
What is -51161 (base 8) in base 16?
-5271
Convert